t of 669094856?
9
What is the ten thousands digit of 55054761?
5
What is the thousands digit of 22564900?
4
What is the units digit of 23199049?
9
What is the tens digit of 31849650?
5
What is the units digit of 559453745?
5
What is the ten thousands digit of 144066050?
6
What is the tens digit of 164170290?
9
What is the ten millions digit of 673433839?
7
What is the hundreds digit of 40373556?
5
What is the hundred thousands digit of 731352450?
3
What is the millions digit of 59220520?
9
What is the tens digit of 32734279?
7
What is the tens digit of 35154317?
1
What is the units digit of 3249763580?
0
What is the hundred thousands digit of 2507298675?
2
What is the ten millions digit of 5761557924?
6
What is the tens digit of 292570970?
7
What is the hundred thousands digit of 57586383?
5
What is the hundreds digit of 75725281?
2
What is the ten thousands digit of 60035500?
3
What is the units digit of 52355239?
9
What is the tens digit of 722465684?
8
What is the hundred thousands digit of 38333687?
3
What is the hundred thousands digit of 64668097?
6
What is the units digit of 190780853?
3
What is the hundred millions digit of 1401267123?
4
What is the hundreds digit of 3652688051?
0
What is the thousands digit of 3814772340?
2
What is the thousands digit of 108598630?
8
What is the hundreds digit of 4549646477?
4
What is the hundred thousands digit of 1027851436?
8
What is the hundreds digit of 9185804?
8
What is the millions digit of 1652346754?
2
What is the units digit of 55203226?
6
What is the thousands digit of 95983055?
3
What is the hundreds digit of 297289666?
6
What is the hundred millions digit of 2174194902?
1
What is the units digit of 49167338?
8
What is the hundred thousands digit of 250856818?
8
What is the units digit of 1056828104?
4
What is the millions digit of 2116322604?
6
What is the hundred millions digit of 130091902?
1
What is the thousands digit of 103262620?
2
What is the millions digit of 4068694679?
8
What is the ten thousands digit of 118680625?
8
What is the units digit of 1791610337?
7
What is the tens digit of 620117?
1
What is the hundreds digit of 21929856?
8
What is the units digit of 1325948?
8
What is the hundreds digit of 2335972263?
2
What is the units digit of 246391015?
5
What is the thousands digit of 31541948?
1
What is the hundreds digit of 49563444?
4
What is the millions digit of 232323111?
2
What is the ten thousands digit of 143888602?
8
What is the millions digit of 122118992?
2
What is the tens digit of 8650750?
5
What is the ten thousands digit of 618573519?
7
What is the hundred thousands digit of 192131092?
1
What is the millions digit of 35104147?
5
What is the tens digit of 1889257284?
8
What is the hundred thousands digit of 529501933?
5
What is the hundred thousands digit of 235701834?
7
What is the ten millions digit of 1445079777?
4
What is the units digit of 2507880418?
8
What is the thousands digit of 2821164407?
4
What is the ten thousands digit of 48268172?
6
What is the ten millions digit of 575472930?
7
What is the millions digit of 1451666332?
1
What is the thousands digit of 178543526?
3
What is the hundred thousands digit of 2151859797?
8
What is the thousands digit of 134215084?
5
What is the millions digit of 587741665?
7
What is the thousands digit of 2606335538?
5
What is the ten millions digit of 3048988073?
4
What is the thousands digit of 40305627?
5
What is the millions digit of 44649291?
4
What is the hundred millions digit of 872141244?
8
What is the hundred thousands digit of 257098891?
0
What is the millions digit of 152187264?
2
What is the hundred thousands digit of 2151255451?
2
What is the hundred millions digit of 670305499?
6
What is the ten thousands digit of 308123672?
2
What is the millions digit of 14703283?
4
What is the thousands digit of 14935458?
5
What is the millions digit of 70137855?
0
What is the tens digit of 125758728?
2
What is the thousands digit of 341155499?
5
What is the ten millions digit of 538409527?
3
What is the units digit of 140271595?
5
What is the hundred millions digit of 551209686?
5
What is the millions digit of 818301381?
8
What is the hundreds digit of 258328077?
0
What is the hundreds digit of 331273503?
5
What is the ten millions digit of 558400181?
5
What is the ten millions digit of 171452350?
7
What is the millions digit of 73276778?
3
What is the ten thousands digit of 61224651?
2
What is the units digit of 174288714?
4
What is the units digit of 68116032?
2
What is the tens digit of 3505611094?
9
What is the hundred thousands digit of 749215692?
2
What is the hundred millions digit of 209688485?
2
What is the ten millions digit of 75258173?
7
What is the millions digit of 109671116?
9
What is the hundreds digit of 1950227277?
2
What is the hundreds digit of 108229937?
9
What is the tens digit of 561339030?
3
What is the tens digit of 2017378298?
9
What is the tens digit of 441259583?
8
What is the hundred thousands digit of 826215255?
2
What is the hundred thousands digit of 465378?
4
What is the thousands digit of 241215869?
5
What is the units digit of 585126867?
7
What is the hundred thousands digit of 1886869697?
8
What is the hundred millions digit of 366349381?
3
What is the billions digit of 3266590029?
3
What is the ten millions digit of 1606461142?
0
What is the tens digit of 361631140?
4
What is the hundred thousands digit of 33865276?
8
What is the hundred thousands digit of 474577529?
5
What is the hundred millions digit of 126750582?
1
What is the tens digit of 91482347?
4
What is the hundred thousands digit of 517963340?
9
What is the thousands digit of 843354347?
4
What is the hundred thousands digit of 137201986?
2
What is the billions digit of 4466889458?
4
What is the thousands digit of 18553667?
3
What is the ten millions digit of 3501651090?
0
What is the ten millions digit of 56715849?
5
What is the ten millions digit of 19896564?
1
What is the hundred millions digit of 231734835?
2
What is the units digit of 4059268162?
2
What is the millions digit of 2600685356?
0
What is the hundred millions digit of 321763811?
3
What is the hundred thousands digit of 71555838?
5
What is the ten thousands digit of 162011410?
1
What is the hundred millions digit of 246783815?
2
What is the hundred thousands digit of 89722906?
7
What is the thousands digit of 30548910?
8
What is the units digit of 1683002235?
5
What is the hundred thousands digit of 65861924?
8
What is the thousands digit of 1964326181?
6
What is the hundreds digit of 13943571?
5
What is the ten millions digit of 649388408?
4
What is the ten millions digit of 2188575910?
8
What is the hundred thousands digit of 42749128?
7
What is the hundreds digit of 60840853?
8
What is the units digit of 8666819?
9
What is the tens digit of 73508024?
2
What is the hundred thousands digit of 1141030877?
0
What is the hundred thousands digit of 1366809953?
8
What is the thousands digit of 146395355?
5
What is the hundreds digit of 1530643521?
5
What is the units digit of 2136019314?
4
What is the hundred thousands digit of 4297936245?
9
What is the hundreds digit of 245246745?
7
What is the hundreds digit of 140041331?
3
What is the units digit of 201037611?
1
What is the hundreds digit of 1501730293?
2
What is the hundred thousands digit of 834458424?
4
What is the hundred millions digit of 3954552368?
9
What is the hundreds digit of 158808043?
0
What is the hundred millions digit of 2582131064?
5
What is the units digit of 17352411?
1
What is the ten millions digit of 170207544?
7
What is the thousands digit of 7419753335?
3
What is the hundred thousands digit of 29017836?
0
What is the units digit of 466115891?
1
What is the units digit of 394214364?
4
What is the hundred thousands digit of 129139479?
1
What is the thousands digit of 293559417?
9
What is the units digit of 137723254?
4
What is the tens digit of 232321257?
5
What is the units digit of 2468592856?
6
What is the hundred thousands digit of 212073347?
0
What is the millions digit of 57068686?
7
What is the ten millions digit of 29535491?
2
What is the hundred millions digit of 246515805?
2
What is the hundreds digit of 65722189?
1
What is the hundred millions digit of 323923686?
3
What